 prime number?
False
Let w(g) = 5*g + 50. Let h be w(-9). Suppose -o = -3*s - 7021 - 6468, 0 = 3*o - h*s - 40475. Is o a composite number?
True
Let q = -2 + 7. Let w = 841 - -284. Suppose 0 = -4*s + 5*n + 917, 4*n + w = q*s + 2*n. Is s prime?
True
Let u be (-2)/(65/234*(-6)/25580). Suppose -4*l = -5*x - u, -16*x - 38337 = -5*l - 18*x. Is l a composite number?
False
Let b = 24953 + -13584. Is b a prime number?
True
Let k = -17892 - -46901. Is k prime?
True
Let h = -4 - -3. Let f(t) = 162*t**2 + 3*t + 1. Let a be f(h). Suppose -r + 621 + a = 0. Is r composite?
True
Suppose -156*h + 290*h = 32121274. Is h composite?
False
Suppose -4*s + 3*a = 4, -2*s + 7*s + 2 = 3*a. Suppose 20*o + 2*t - 16848 = 16*o, 0 = s*o - 4*t - 8414. Is o prime?
True
Let i(k) = 166*k**2 + 4*k + 2. Let r be i(-6). Suppose 4*d + 5*s = 16164, -3*d + 13*s + 12123 = 8*s. Let y = r - d. Is y a prime number?
True
Let p(z) = z**3 - 7*z**2 + 5*z - 10. Let h be p(7). Let i = 160 + h. Is i a prime number?
False
Let a = 139395 - 85038. Is a composite?
True
Let g(u) = u**2 - 2*u - 5. Let l(h) = 2*h + 22. Let w be l(-12). Let i be g(w). Suppose -3*b - 2*n + 9935 = 0, -i*b + 3305 = -2*b - n. Is b prime?
False
Let a(u) = -2*u**2 - 19 + 2 - 3*u - 4*u**2 - 2 + u**3. Is a(8) prime?
False
Suppose 321 + 12629 = 5*o. Suppose -7*j - 10724 = -o. Let x = j - -1865. Is x a prime number?
False
Suppose 0 = -6*x + 14*x. Suppose 3*i + 3*g - 15816 = x, 7*g = -4*i + 2*g + 21091. Is i prime?
False
Let h(v) = 14621*v**3 - 3*v**2 + 5*v - 2. Is h(1) composite?
False
Let r(a) = 14*a**3 - a**2 - 6*a + 1. Let k(d) = 15*d**3 - d**2 - 7*d. Let m(z) = -2*k(z) + 3*r(z). Let j be m(-6). Let i = j - -4580. Is i composite?
False
Suppose -2113 = -15*l - 538. Let i = l + -102. Suppose -2*j + 5*n = -2007, 6*j - i*n - 4970 = j. Is j a composite number?
False
Is 43765*(54/(-15))/(-9) a prime number?
False
Suppose w + 5*l = 78107, -5*l + 97916 = 5*w - 292739. Is w composite?
False
Let n(k) = 297*k - 8. Suppose 22 = 3*b + 16. Let r be n(b). Let m = -33 + r. Is m prime?
False
Is ((-76357)/58)/((1/82)/(-1)) prime?
False
Let a(j) = -j + 7. Let k be a(3). Suppose -3*c = -5*x + 41, k*x = 5*c + 28 + 10. Suppose 0 = 2*g + x*g - 7893. Is g composite?
False
Suppose 0*z + 5*z = 32270. Suppose 3*r + 5*k - 945 = z, -3*r + 7387 = -k. Is r a composite number?
True
Let z(f) = 804*f - 4. Let b be z(-2). Let d = 366 + b. Let i = 2117 + d. Is i a composite number?
True
Suppose -3503933 - 580250 = -43*s. Is s a composite number?
True
Suppose -70*p = 77*p + 45*p - 888768. Is p a prime number?
False
Let w = -173920 + 423339. Is w composite?
False
Let s = 39 + -35. Suppose -33*z + 37*z = s. Suppose -5*p - a = -1888, 4*a + z = 13. Is p prime?
False
Let l = -1044 + 619. Is 9745*(l/(-875) - 4/14) a prime number?
True
Suppose 5*u + 183046 = 3*v, 0 = 5*v - 373*u + 378*u - 305170. Is v a composite number?
False
Is (-22214390)/(-18) - 83/(25398/(-68)) a composite number?
False
Suppose 7*k - 5*k + 3*g = -8, 0 = -4*g - 16. Suppose -4*p - 3*m + 5024 = 0, -6*p - k*m = -2*p - 5028. Is p prime?
True
Let c(y) = 17*y**3 - 8*y**2 - 10*y + 35. Is c(40) composite?
True
Let k = -156 - -160. Suppose -4*x = 4*p - 9772, -p + 12224 = k*p + 2*x. Is p composite?
True
Let i(a) = 4989*a + 9079. Is i(12) a composite number?
False
Is ((-20661)/(-12) + 1)*(-41)/((-1722)/2072) a composite number?
True
Let z = -2407 + 1034. Is -3 + 1 + -4 - z composite?
False
Is ((-1523168)/(-80))/((-11)/(-40) + 5/40) a prime number?
True
Suppose -19*h = 4 + 110. Let m(r) be the first derivative of -r**4/2 + 7*r**3/3 + r**2 - r + 11. Is m(h) a composite number?
True
Let n(g) = 559*g**2 + 355*g + 17. Is n(-9) a composite number?
False
Let f(z) = 284*z + 6937. Is f(6) a composite number?
False
Suppose 39*i - 84 - 33 = 0. Suppose -31*k = -34*k + 4*t + 15735, -15735 = -i*k - t. Is k prime?
False
Let x = -632 + 632. Suppose 5*h - 5*i - 8570 = 0, x = -49*h + 47*h + 4*i + 3434. Is h composite?
True
Suppose -m - n + 4 = -0*m, 5*m = 4*n + 2. Suppose -3*t - m*z + 985 = -502, -4*t - 2*z = -1982. Let s = 794 - t. Is s prime?
False
Let t = -45421 - -69312. Is t composite?
True
Let g be (-318)/(-18) - (-2)/(-3). Let m = 52 - g. Is m prime?
False
Let m(i) = -232*i**3 - 12*i**2 + 21*i - 51. Is m(-10) a prime number?
True
Suppose -11*u = 2*u - 134667. Suppose 9*d - u = -0*d. Is d a composite number?
False
Suppose 0 = -3*n - 9, -10*n + 6*n = -2*v + 12. Suppose v = 23*c - 32*c + 10719. Is c prime?
False
Let m(l) = -10*l - 246. Let t be m(-32). Let o be 2/(5/(3590/4)). Suppose 5*n = -t + o. Is n composite?
True
Let p(q) = 8*q**3 - 227*q**2 - 17*q + 49. Is p(33) a composite number?
True
Let i(f) = -235*f - 37. Let s be i(8). Let n = 1966 - s. Is n a composite number?
True
Let b(h) = 158*h**2 + h + 9. Let y be b(-2). Suppose o - 1921 = -3*m, 3*o = -m + 2*o + y. Is m composite?
False
Suppose -2 = r - 5*p, 0 = -6*r + 2*r + p - 8. Is ((-55)/(-30) + r)*-2*1137 a prime number?
True
Let g(d) be the third derivative of 11/60*d**5 + 1/120*d**6 + 1/6*d**3 + 0*d + 0 - 5/24*d**4 + 16*d**2. Is g(-8) a prime number?
True
Suppose -14 = -o - 0. Let y = o + -10. Is y/10*5 - -13 a prime number?
False
Let b be (-4)/16*158*-30. Suppose b = 2*o - 255. Let s = o - -922. Is s a prime number?
False
Let b(r) = 13*r - 8. Let o be b(-8). Let a be 8/10 - 41371/(-55). Let g = a + o. Is g a composite number?
False
Suppose 9*c - 779 = 886. Suppose -5*a + a + i = 1049, -5*a - 1310 = -i. Is c/15*-2*a/6 a prime number?
False
Let f(d) = -3*d**2 + 36*d - 43. Let h be f(9). Suppose -3*t + 10941 = -4*c, -34*t + h*t - 4*c = 14588. Is t a prime number?
False
Let t be 8/10 + 312*7/70. Suppose -t*b + 73000 = -17016. Is b a prime number?
False
Let z(j) = j**3 - 6*j**2 + 11*j - 10. Let m be z(4). Let u be 97/m - 15/(-10). Suppose h = 3*c + 170, -3*h + u = 4*c - 525. Is h prime?
False
Let z = 393644 - 246697. Is z composite?
True
Suppose 3*x - 8*x - 311 = 3*j, 575 = -5*j + 3*x. Let v = -108 - j. Is 47054/56 - 5/v a prime number?
True
Let z = -96 + 101. Suppose -21183 = z*d + 4*s, -2*s + 2 + 4 = 0. Let n = d - -8656. Is n composite?
True
Suppose 4*o + 14*r - 18*r - 479448 = 0, o + 5*r - 119832 = 0. Is o a composite number?
True
Let m = 143 - 138. Is 125 + m + (0 - 3) prime?
True
Suppose 627 + 6472 = -2*s + m, 2*s + 5*m = -7117. Is (s/(-2))/(3/6) a composite number?
True
Suppose 0 = -2819*g + 2776*g + 913363. Is g a composite number?
True
Let t(v) = -v**3 - 9*v**2 - v - 4. Let u be t(-9). Suppose u - 7 = 2*c. Is ((-7)/(-28))/(c/(-4348)) prime?
True
Suppose -43*i + 10670 = -141120. Suppose 7*d - 551 - i = 0. Is d a prime number?
False
Let a be 3/9 + (-13260)/9. Let h = a - -3446. Is h a prime number?
True
Let k = -550 + 544. Is (25595 - 2 - -2) + k prime?
True
Let p be (27 - 29)/(-1 - 6915/(-6917)). Let m = -3856 + p. Is m composite?
False
Is 3*-22237*3/(-9) a composite number?
True
Let u(d) = -d**3 - d**2 + d. Let c(a) = 5118*a**3 + 4*a**2 - 3*a + 3. Let w(r) = -c(r) - 5*u(r). Is w(-1) a prime number?
True
Let l(n) = n**2 - 18*n + 81. Let w be l(9). Suppose 0 = 3*v - q + 5*q - 14065, w = -2*v + 2*q + 9386. Is v prime?
True
Let s be (69/(-9))/(1/(-9)). Let u = 87 - s. Is (17 - u) + (-3316)/(1 - 3) a prime number?
True
Suppose 3*w + 110 = -19*w. Let q(n) = -33*n + 58. Is q(w) a prime number?
True
Suppose 0 = 522*i - 552*i + 1740810. Is i composite?
False
Let v = 141107 + 30756. Is v composite?
False
Suppose -i + 478769 = -5*k, 4*i + 8*k + 607443 - 2522519 = 0. Is i composite?
False
Suppose -6*z = -9*z + 4*u + 96527, 5*z - 5*u - 160880 = 0. Is z a prime number?
False
Let l = 63 - 59. Suppose -c = 2*w - 4*w + 1271, -l*c + 1296 = 2*w. Let i = w - -149. Is i composite?
False
Suppose -5*a = 4*q + 15525, 0*q - 3*q = 5*a + 15530. Let z = a - -5688. Is z prime?
True
Let g = 125 + -125. Suppose g = -o + 123 + 218. Is o a composite number?
True
Let r = -276449 + 439538. Suppose -5*z + m + r + 27750 = 0, 2*m = 2*z - 76342. Is z a composite number?
False
Suppose -10*y + 4*y = -2472. Is y/4*1/1 a composite number?
False
Let d(t) be the second derivative of -t**3/2 - 23*t**2/2 + 6*t. Let u be d(-10). Suppose 57 + 118 = u*x. Is x composite?
True
Suppose 96 = -2*u + 86, -4*t + 2*u = -628502. Is t composite?
True
Let m(g) = 5*g - 11. Let k be m(3). Let s(f) = 86*f - 9. Let i 